. Is d(-3) a composite number?
True
Let r(h) = 19*h + 1. Suppose -7*y - 9 = -10*y. Is r(y) prime?
False
Suppose -7*l + 3*l = 2*c - 1306, 0 = l - 4*c - 322. Is l a prime number?
False
Suppose 8*d = 11*d + 9. Is d/(-12) + 524/16 a prime number?
False
Let j = -81 + 47. Is 7/(j/(-11) - 3) a composite number?
True
Suppose 184 = l + 72. Suppose -5*i + 61 = -0*j - 2*j, -5*i = 25. Let p = l + j. Is p a composite number?
True
Let f = 40 + 6. Is f composite?
True
Let c(j) be the first derivative of -6*j**2 + 7*j - 2. Is c(-7) prime?
False
Let c(m) = 5*m**3 - m**2 - m + 9. Let r(w) = -4*w**3 + w**2 - 8. Let i(d) = -5*c(d) - 6*r(d). Suppose 0 = 5*p + 2 + 18. Is i(p) a prime number?
True
Is -53*6/(-3)*3/2 a composite number?
True
Suppose u - 34 = -5*l + 5*u, 0 = -l - 2*u + 18. Suppose 3*z - 95 = l. Is z prime?
False
Let t be (13/4)/(1/(-4)). Let a = -41 - -65. Let v = a + t. Is v a prime number?
True
Let w(a) = -a**3 - 9*a**2 - 9*a - 3. Let t be w(-8). Suppose -t*n = -m + 236, 4*n - 2*n + 448 = 2*m. Is m composite?
True
Let p(q) = 344*q**2 - 3*q. Is p(-1) composite?
False
Let b be (-1)/5 + (-916)/(-5). Suppose -5*w = 28 - b. Is w a prime number?
True
Suppose v - 2060 = 189. Is v prime?
False
Let d be 4/((-2 - -6) + -2). Suppose -d*m = -3*m + 77. Is m prime?
False
Let l be ((-2)/4)/(1/(-4)). Let g(r) = 26*r**3 + r**2 - 2*r + 3. Is g(l) a prime number?
True
Let v(c) = 121*c**3 - c**2 - 2*c + 1. Is v(2) a composite number?
True
Let z(a) = 3*a + 10. Is z(7) prime?
True
Suppose -2*h + 1 + 3 = 0. Suppose -h*y = -3*v + 20, 0*v - y = -4*v + 25. Suppose -v*j = -j - 30. Is j a composite number?
True
Let w be (-14)/2*-1 - 0. Let p(c) = -3 + 0 + 5 + w*c**2 + 3*c + c**3. Is p(-5) prime?
True
Let x be 1 - 2 - (-2 - 349). Suppose 3*b - 49 - x = 0. Is b a composite number?
True
Let a = 375 - -112. Is a composite?
False
Let m(d) = -d**3 - 4*d**2 + 11*d - 2. Let i be m(-8). Suppose 0*x + 170 = 2*k - 4*x, -5*x - i = -2*k. Suppose 3*v = -5*u + k, -4*u = -5*v - 109 + 5. Is u prime?
False
Is ((-3)/2)/(12/(-904)) composite?
False
Let o(m) = m**2 + m + 889. Is o(0) prime?
False
Let z(y) = 4*y - 5*y + 7*y**2 + y**3 - 3 + 0*y**3 + 6*y. Let s be z(-6). Suppose -12 = s*c, h - 7*c + 2*c = 41. Is h a composite number?
True
Let x(d) = -2*d - 5. Let l be x(-5). Let q = l - 3. Is 56/q - 6/(-2) a composite number?
False
Suppose 7*l - 3*k = 3*l + 493, 2*l - 279 = -5*k. Is l a composite number?
False
Suppose 4*r + 5*q = 3997, 3*q + 2974 = 3*r + 2*q. Is r prime?
False
Let t(f) = -51*f + 16. Is t(-13) a composite number?
True
Suppose i = -0*i. Suppose -5*z + 4*j = -231, -3*z = j - i*j - 142. Is z a prime number?
True
Suppose 3*x - 5*w + 3*w + 431 = 0, -3*w = 5*x + 693. Let c be ((-166)/(-4))/((-12)/24). Let k = c - x. Is k a prime number?
False
Let g(h) = 319*h**2 - 3*h + 7. Is g(2) a composite number?
False
Let g(j) be the third derivative of j**5/60 - j**4/24 + 7*j**3/6 - 4*j**2. Let k be (2/(-4))/((-2)/(-20)). Is g(k) prime?
True
Suppose -p + 7 = 3*v - 2*v, 0 = 3*v - 15. Is 84 + p/(-1) + 1 prime?
True
Suppose 2*r + 5*x - 90 = -r, -4*x = 0. Suppose r = 3*t - 2*t + g, -5*t = -2*g - 178. Let o = 57 - t. Is o prime?
True
Suppose -5*d = 2*u + 7, 5*u + 0*d + 3*d - 11 = 0. Suppose u*i - 130 = -5*f, -2*i + 104 = -f + 5*f. Is f prime?
False
Let b be 4/2 - (-2)/(-1). Suppose 5*g + l - 79 = b, -6*l + 12 = -3*l. Suppose 90 = 5*s + g. Is s composite?
True
Suppose -22 = 3*f - 7, -f - 3 = 2*l. Suppose 5*n - 12 = 5*r + 13, -l = -n + 5*r. Is 200/n + 2/3 prime?
False
Suppose -4*f + 24 = -f. Suppose 4*q + f = 748. Is q prime?
False
Suppose -3 = 3*w - 12. Suppose b + 3*i + 33 = 3*b, -w*b + 4*i + 47 = 0. Is 6/b - (-759)/9 a prime number?
False
Suppose -137 = -3*g + 4*l - 39, 2*g = 5*l + 77. Suppose -g = -s + 101. Is s a composite number?
False
Let b(c) = 32*c - 43. Is b(13) composite?
False
Suppose 5*d = 2*f + 89 - 1211, 222 = -d + f. Is (-2 + 0)*d/4 a composite number?
False
Let v(s) be the second derivative of -16*s**3/3 + 19*s**2/2 - 4*s. Is v(-10) a composite number?
True
Suppose 5*u = -l + 27, -2*l + 9*u = 4*u + 21. Suppose 0 = -l*g + 5*g - 63. Is g prime?
False
Let k = 9 - 7. Let z = 96 + -58. Suppose -132 = -k*x + z. Is x a prime number?
False
Let g = -28 - -98. Suppose -4*c - g = -9*c. Is c a composite number?
True
Suppose -4*g - 32 + 8 = 0. Let l(p) = -p**3 - 2*p**2 + 7*p + 4. Is l(g) a prime number?
False
Let n = -134 - -227. Is n composite?
True
Suppose -203*h - 7982 = -205*h. Is h a prime number?
False
Let u be (3 - 6)*15/(-9). Suppose 51 = u*m - 0*x - 4*x, 0 = 4*m - x - 32. Is m a prime number?
True
Suppose 26*p = 16*p + 86910. Is p a prime number?
False
Let v = 14 - -105. Is v a prime number?
False
Let p(n) = -n**3 + 5*n**2 + 3*n + 2. Let f be p(4). Suppose s = b - 28, 7 + f = b - 4*s. Is b prime?
False
Suppose 0 = 4*i - 2*i - 36. Suppose -t + 147 = i. Is t a composite number?
True
Let n(z) = -3*z + 7. Suppose -4*u = 2*l - 22, l - 2*u + 14 = u. Suppose -2*q + 6 = -5*j - l, -4*q = 4*j + 56. Is n(q) composite?
True
Suppose -4*z - 14 = -2*j, 5*z + 45 = -5*j + 5. Let t = -3 - z. Suppose -5 = 5*i, b - 6*b + t*i = -112. Is b a prime number?
False
Let w = 1319 - 684. Is w prime?
False
Suppose 2*z = -3*z - 20, 441 = x + 2*z. Is x prime?
True
Suppose 0*r + 5*r + 305 = 0. Let z = r + 238. Is z prime?
False
Let d = 5 + -2. Let n(i) = 45*i**2 + 5*i - 5. Is n(d) a prime number?
False
Suppose n + 5*z = -n + 11, -1 = -z. Suppose 0 = 2*w + 5*j - 32, 5*w - 99 = -n*j - 0*j. Is w a prime number?
False
Let h = -190 - -273. Is h composite?
False
Suppose -q = -5*b + 14 + 101, 0 = -5*q - 4*b - 546. Suppose 219 = -3*n - 0*n. Let x = n - q. Is x composite?
False
Let a(n) = n**2 + 10*n - 3. Let y be a(-10). Let u = -366 - -680. Is (u - y) + 0/3 a composite number?
False
Let m(p) = p**3 - 10*p**2 - 12*p + 14. Let t be m(11). Suppose -5*w + t*w = 0. Suppose w*x = -3*x + 114. Is x composite?
True
Suppose -5*r + 751 = -269. Suppose 4*x - 4*j - r = 0, 3*x - 4*j = -3*j + 149. Is x a prime number?
False
Let w(p) = 12*p**2 + 7*p - 12. Is w(5) composite?
True
Let q = 1488 + 329. Is q prime?
False
Let a(h) = 3*h**2 + 20*h + 25. Is a(-16) prime?
False
Let w(b) = 4*b**2 + 3*b - 1. Let x be w(3). Suppose 3*n + 28 = j, 2*j = -5*n - 10 - x. Is (-4)/n + (-333)/(-5) a prime number?
True
Suppose 4*g - 8 = 0, -28 = -2*d - 0*g + 4*g. Is d/(-45) - (-744)/10 a composite number?
True
Suppose 5*q = -0 + 5, -k = 4*q + 49. Is (-2)/(2/k + 0) a prime number?
True
Let d = 297 + -178. Is d prime?
False
Is 11732/6*15/10 composite?
True
Let f = 5 - 0. Suppose -f*q + 232 = 77. Is q a prime number?
True
Let y = -199 + 462. Is y a composite number?
False
Suppose -6*m = -2*m - 8180. Suppose 0 = 6*n - n - m. Is n composite?
False
Is (0 - -1)/(1/31) composite?
False
Let r(g) = -7*g**2 - 5*g - 3. Let k be r(-3). Let n = k + 178. Is n prime?
True
Let o(l) = l**3 - 2*l**2 + 7*l + 3. Let v be o(7). Suppose 5*x - v + 32 = 0. Is x a composite number?
False
Let q be 2/(-2) - (3 + 21). Let b = q + 58. Is b composite?
True
Suppose 4*s - 4*v - 396 = -0*v, -s - 4*v = -99. Let k = s + 166. Is k a composite number?
True
Suppose -14 + 59 = 3*r. Is r prime?
False
Let d(n) = -n + 9. Let o be d(0). Suppose 0 = 3*c + 2*q - 641, -o = -3*q + 3. Is c composite?
False
Let n(h) = h**3 - 3*h**2 - h + 1. Let u be n(3). Let i be (2/3)/u*0. Suppose i*c + c = -3*x + 11, -4*x - 16 = 0. Is c composite?
False
Let n be (-5142)/(-5) - (-2)/(-5). Suppose -f = -5*f + n. Let r = 376 - f. Is r prime?
False
Let k be (-846)/12*(-4)/3. Let f = 163 - k. Is f a prime number?
False
Suppose 3*i - 137 - 22 = 0. Is i a composite number?
False
Let v(x) = x**3 + 16*x**2 + 32*x + 4. Let u be v(-14). Let a(w) = -w**2 + 7*w - 1. Let s be a(7). Is s - (3 - (-2 - u)) a composite number?
True
Let g(s) = -s**3 + 7*s**2 - s + 10. Let u be g(7). Let n(x) = -x**2 + x - 3. Let r be n(0). Is ((-143)/r)/(u/9) prime?
False
Let j be (6/5)/((-4)/(-200)). Let f = j + 17. Is f composite?
True
Let z = 4 - -8. Let w = -26 + z. Is (-4)/(-14) - 150/w composite?
False
Let g(f) = -f**3 - 9*f**2 - 8*f + 2. Suppose 5*c = 2*c - 24. Let b be g(c). Suppose w = b*w - 87. Is w composite?
True
Let i = -204 + 391. Is i prime?
False
Suppose -2*s = 5 + 11. Let j = 18 + 27. Let g = j + s. Is g a composite number?
False
Suppose 0 = -4*p -